{"id":231,"date":"2023-04-13T10:33:46","date_gmt":"2023-04-13T07:33:46","guid":{"rendered":"http:\/\/caprefericite.ro\/?page_id=231"},"modified":"2026-03-29T22:53:27","modified_gmt":"2026-03-29T19:53:27","slug":"produse-din-lapte-de-vaca","status":"publish","type":"page","link":"http:\/\/caprefericite.ro\/?page_id=231","title":{"rendered":"Produse din lapte de vac\u0103"},"content":{"rendered":"<!-- PMB print buttons is only displayed on a single post\/page URLs--><p>\u00cencep\u00e2nd cu 1 mai 2026, pre\u021bul produselor lactate sunt:<\/p>\n<p>1) Lapte &#8211; 11 lei\/kg.<br \/>\n2) Ca\u0219 de vac\u0103 &#8211; 48 lei\/kg.<br \/>\n3) Br\u00e2nz\u0103 de vaci &#8211; 35 lei\/kg.<br \/>\n4) Sm\u00e2nt\u00e2n\u0103 &#8211; 40 lei\/ kg.<\/p>\n","protected":false},"excerpt":{"rendered":"<p>\u00cencep\u00e2nd cu 1 mai 2026, pre\u021bul produselor lactate sunt: 1) Lapte &#8211; 11 lei\/kg. 2) Ca\u0219 de vac\u0103 &#8211; 48 lei\/kg. 3) Br\u00e2nz\u0103 de vaci &#8211; 35 lei\/kg. 4) Sm\u00e2nt\u00e2n\u0103 &#8211; 40 lei\/ kg.<\/p>\n","protected":false},"author":1,"featured_media":0,"parent":0,"menu_order":0,"comment_status":"closed","ping_status":"closed","template":"","meta":[],"_links":{"self":[{"href":"http:\/\/caprefericite.ro\/index.php?rest_route=\/wp\/v2\/pages\/231"}],"collection":[{"href":"http:\/\/caprefericite.ro\/index.php?rest_route=\/wp\/v2\/pages"}],"about":[{"href":"http:\/\/caprefericite.ro\/index.php?rest_route=\/wp\/v2\/types\/page"}],"author":[{"embeddable":true,"href":"http:\/\/caprefericite.ro\/index.php?rest_route=\/wp\/v2\/users\/1"}],"replies":[{"embeddable":true,"href":"http:\/\/caprefericite.ro\/index.php?rest_route=%2Fwp%2Fv2%2Fcomments&post=231"}],"version-history":[{"count":5,"href":"http:\/\/caprefericite.ro\/index.php?rest_route=\/wp\/v2\/pages\/231\/revisions"}],"predecessor-version":[{"id":258,"href":"http:\/\/caprefericite.ro\/index.php?rest_route=\/wp\/v2\/pages\/231\/revisions\/258"}],"wp:attachment":[{"href":"http:\/\/caprefericite.ro\/index.php?rest_route=%2Fwp%2Fv2%2Fmedia&parent=231"}],"curies":[{"name":"wp","href":"https:\/\/api.w.org\/{rel}","templated":true}]}}